{"id":2602,"date":"2020-03-30T17:10:10","date_gmt":"2020-03-30T15:10:10","guid":{"rendered":"https:\/\/sarahschlitz.be\/wp-content\/uploads\/sites\/300\/2020\/03\/enfant-enferm\u00e9.jpg"},"modified":"2021-04-16T01:06:18","modified_gmt":"2021-04-15T23:06:18","slug":"enfant-enferme","status":"inherit","type":"attachment","link":"https:\/\/sarahschlitz.be\/nl\/question-a-la-ministre-de-block-sur-les-operations-chirurgicales-cosmetiques-pratiquees-sur-des-enfants-intersexes\/enfant-enferme\/","title":{"rendered":"enfant enferm\u00e9"},"author":1530,"featured_media":0,"comment_status":"closed","ping_status":"closed","template":"","meta":{"_acf_changed":false,"_et_pb_use_builder":"","_et_pb_old_content":"","_et_gb_content_width":""},"class_list":["post-2602","attachment","type-attachment","status-inherit","hentry"],"acf":[],"description":{"rendered":"<p class=\"attachment\"><a href='https:\/\/sarahschlitz.be\/wp-content\/uploads\/sites\/300\/2020\/03\/enfant-enferm\u00e9.jpg'><img loading=\"lazy\" decoding=\"async\" width=\"300\" height=\"200\" src=\"https:\/\/sarahschlitz.be\/wp-content\/uploads\/sites\/300\/2020\/03\/enfant-enferm\u00e9-300x200.jpg\" class=\"attachment-medium size-medium\" alt=\"Photo en noir et blanc d&#039;un jeune gar\u00e7on blanc regardant l&#039;objectif derri\u00e8re une barri\u00e8re quadrill\u00e9e. Ses mains sont pos\u00e9es sur la barri\u00e8re. Il porte un gilet, il y a des yeux noirs et des cheveux noirs.\" srcset=\"https:\/\/sarahschlitz.be\/wp-content\/uploads\/sites\/300\/2020\/03\/enfant-enferm\u00e9-300x200.jpg 300w, https:\/\/sarahschlitz.be\/wp-content\/uploads\/sites\/300\/2020\/03\/enfant-enferm\u00e9-768x512.jpg 768w, https:\/\/sarahschlitz.be\/wp-content\/uploads\/sites\/300\/2020\/03\/enfant-enferm\u00e9-480x320.jpg 480w, https:\/\/sarahschlitz.be\/wp-content\/uploads\/sites\/300\/2020\/03\/enfant-enferm\u00e9.jpg 960w\" sizes=\"(max-width: 300px) 100vw, 300px\" \/><\/a><\/p>\n"},"caption":{"rendered":""},"alt_text":"Photo en noir et blanc d'un jeune gar\u00e7on blanc regardant l'objectif derri\u00e8re une barri\u00e8re quadrill\u00e9e. Ses mains sont pos\u00e9es sur la barri\u00e8re. Il porte un gilet, il y a des yeux noirs et des cheveux noirs.","media_type":"image","mime_type":"image\/jpeg","media_details":{"width":960,"height":640,"file":"2020\/03\/enfant-enferm\u00e9.jpg","sizes":{"medium":{"file":"enfant-enferm\u00e9-300x200.jpg","width":300,"height":200,"mime_type":"image\/jpeg","source_url":"https:\/\/sarahschlitz.be\/wp-content\/uploads\/sites\/300\/2020\/03\/enfant-enferm\u00e9-300x200.jpg"},"thumbnail":{"file":"enfant-enferm\u00e9-150x150.jpg","width":150,"height":150,"mime_type":"image\/jpeg","source_url":"https:\/\/sarahschlitz.be\/wp-content\/uploads\/sites\/300\/2020\/03\/enfant-enferm\u00e9-150x150.jpg"},"medium_large":{"file":"enfant-enferm\u00e9-768x512.jpg","width":768,"height":512,"mime_type":"image\/jpeg","source_url":"https:\/\/sarahschlitz.be\/wp-content\/uploads\/sites\/300\/2020\/03\/enfant-enferm\u00e9-768x512.jpg"},"et-pb-post-main-image":{"file":"enfant-enferm\u00e9-400x250.jpg","width":400,"height":250,"mime_type":"image\/jpeg","source_url":"https:\/\/sarahschlitz.be\/wp-content\/uploads\/sites\/300\/2020\/03\/enfant-enferm\u00e9-400x250.jpg"},"et-pb-portfolio-image":{"file":"enfant-enferm\u00e9-400x284.jpg","width":400,"height":284,"mime_type":"image\/jpeg","source_url":"https:\/\/sarahschlitz.be\/wp-content\/uploads\/sites\/300\/2020\/03\/enfant-enferm\u00e9-400x284.jpg"},"et-pb-portfolio-module-image":{"file":"enfant-enferm\u00e9-510x382.jpg","width":510,"height":382,"mime_type":"image\/jpeg","source_url":"https:\/\/sarahschlitz.be\/wp-content\/uploads\/sites\/300\/2020\/03\/enfant-enferm\u00e9-510x382.jpg"},"et-pb-gallery-module-image-portrait":{"file":"enfant-enferm\u00e9-400x516.jpg","width":400,"height":516,"mime_type":"image\/jpeg","source_url":"https:\/\/sarahschlitz.be\/wp-content\/uploads\/sites\/300\/2020\/03\/enfant-enferm\u00e9-400x516.jpg"},"et-pb-image--responsive--phone":{"file":"enfant-enferm\u00e9-480x320.jpg","width":480,"height":320,"mime_type":"image\/jpeg","source_url":"https:\/\/sarahschlitz.be\/wp-content\/uploads\/sites\/300\/2020\/03\/enfant-enferm\u00e9-480x320.jpg"},"full":{"file":"enfant-enferm\u00e9.jpg","width":960,"height":640,"mime_type":"image\/jpeg","source_url":"https:\/\/sarahschlitz.be\/wp-content\/uploads\/sites\/300\/2020\/03\/enfant-enferm\u00e9.jpg"}},"image_meta":{"aperture":"5.6","credit":"","camera":"Canon EOS 5D Mark III","caption":"","created_timestamp":"0","copyright":"","focal_length":"100","iso":"1600","shutter_speed":"0.008","title":"","orientation":"0"}},"post":2601,"source_url":"https:\/\/sarahschlitz.be\/wp-content\/uploads\/sites\/300\/2020\/03\/enfant-enferm\u00e9.jpg","_links":{"self":[{"href":"https:\/\/sarahschlitz.be\/nl\/wp-json\/wp\/v2\/media\/2602","targetHints":{"allow":["GET"]}}],"collection":[{"href":"https:\/\/sarahschlitz.be\/nl\/wp-json\/wp\/v2\/media"}],"about":[{"href":"https:\/\/sarahschlitz.be\/nl\/wp-json\/wp\/v2\/types\/attachment"}],"author":[{"embeddable":true,"href":"https:\/\/sarahschlitz.be\/nl\/wp-json\/wp\/v2\/users\/1530"}],"replies":[{"embeddable":true,"href":"https:\/\/sarahschlitz.be\/nl\/wp-json\/wp\/v2\/comments?post=2602"}],"wp:attached-to":[{"embeddable":true,"post_type":"post","id":2601,"href":"https:\/\/sarahschlitz.be\/nl\/wp-json\/wp\/v2\/posts\/2601"}],"curies":[{"name":"wp","href":"https:\/\/api.w.org\/{rel}","templated":true}]}}

https://sarahschlitz.be/wp-content/uploads/sites/300/2020/03/enfant-enfermé.jpg

enfant enfermé

<p class="attachment"><a href='https://sarahschlitz.be/wp-content/uploads/sites/300/2020/03/enfant-enfermé.jpg'><img loading="lazy" decoding="async" width="300" height="200" src="https://sarahschlitz.be/wp-content/uploads/sites/300/2020/03/enfant-enfermé-300x200.jpg" class="attachment-medium size-medium" alt="Photo en noir et blanc d&#039;un jeune garçon blanc regardant l&#039;objectif derrière une barrière quadrillée. Ses mains sont posées sur la barrière. Il porte un gilet, il y a des yeux noirs et des cheveux noirs." srcset="https://sarahschlitz.be/wp-content/uploads/sites/300/2020/03/enfant-enfermé-300x200.jpg 300w, https://sarahschlitz.be/wp-content/uploads/sites/300/2020/03/enfant-enfermé-768x512.jpg 768w, https://sarahschlitz.be/wp-content/uploads/sites/300/2020/03/enfant-enfermé-480x320.jpg 480w, https://sarahschlitz.be/wp-content/uploads/sites/300/2020/03/enfant-enfermé.jpg 960w" sizes="(max-width: 300px) 100vw, 300px" /></a></p>

Photo en noir et blanc d'un jeune garçon blanc regardant l'objectif derrière une barrière quadrillée. Ses mains sont posées sur la barrière. Il porte un gilet, il y a des yeux noirs et des cheveux noirs.

2020/03/enfant-enfermé.jpg

enfant-enfermé-300x200.jpg

https://sarahschlitz.be/wp-content/uploads/sites/300/2020/03/enfant-enfermé-300x200.jpg

enfant-enfermé-150x150.jpg

https://sarahschlitz.be/wp-content/uploads/sites/300/2020/03/enfant-enfermé-150x150.jpg

enfant-enfermé-768x512.jpg

https://sarahschlitz.be/wp-content/uploads/sites/300/2020/03/enfant-enfermé-768x512.jpg

enfant-enfermé-400x250.jpg

https://sarahschlitz.be/wp-content/uploads/sites/300/2020/03/enfant-enfermé-400x250.jpg

enfant-enfermé-400x284.jpg

https://sarahschlitz.be/wp-content/uploads/sites/300/2020/03/enfant-enfermé-400x284.jpg

enfant-enfermé-510x382.jpg

https://sarahschlitz.be/wp-content/uploads/sites/300/2020/03/enfant-enfermé-510x382.jpg

enfant-enfermé-400x516.jpg

https://sarahschlitz.be/wp-content/uploads/sites/300/2020/03/enfant-enfermé-400x516.jpg

enfant-enfermé-480x320.jpg

https://sarahschlitz.be/wp-content/uploads/sites/300/2020/03/enfant-enfermé-480x320.jpg

enfant-enfermé.jpg
